ainder when w(4) is divided by t(-33)?
1
Suppose h + 5*o - 173 = 0, -2*h + 142*o = 147*o - 346. Calculate the remainder when h is divided by 8.
5
What is the remainder when 114 is divided by (1/((-2)/(-29)))/(-11*(-23)/1518)?
27
Let v = 3931 - 3898. What is the remainder when 95 is divided by v?
29
Let p(v) = v**3 + 15*v**2 + 35. Let k be p(-15). What is the remainder when (-10)/k + (-1738)/(-7) is divided by 63?
59
Suppose 44*r + 322 = 921 + 1425. Calculate the remainder when 920 is divided by r.
0
Suppose 0 = 2*n + n - 4*y + 211, -5*y = 25. Let x = -55 - n. Calculate the remainder when 34 is divided by x.
12
Let z(t) = t**2 - 48*t + 400. What is the remainder when z(41) is divided by 38?
37
Let o = 386 + -382. Suppose u - 14 = o*c - 17, -u - 3*c + 11 = 0. What is the remainder when 73 is divided by u?
3
Suppose 5*u + 495 = 5*y, 0 = -y - 24*u + 8*u + 65. Calculate the remainder when 569 is divided by y.
84
Suppose 73*m + 2014 = 6978. Calculate the remainder when 4960 is divided by m.
64
Let g = 306 - 188. Let f(c) = 2*c**2 - 11*c + 10. Let n be 646/95 - (-2)/10. What is the remainder when g is divided by f(n)?
25
Calculate the remainder when 246 is divided by (136 - (-17 + 0)) + 9.
84
Suppose -3*h - 63 + 93 = 4*x, -31 = -3*x + 2*h. Calculate the remainder when 1169 is divided by x.
8
Let m(t) = -25*t + 125. Let l be m(5). Suppose z + 3*b = 4*b + 18, l = -4*z - 5*b + 99. What is the remainder when ((-3)/2)/((-6)/320) is divided by z?
17
Let c(b) = -7*b**2 + 212*b - 100. Calculate the remainder when 5789 is divided by c(29).
154
Suppose -5*x + u + 2046 = 0, 4*u = 2*x - 1104 + 282. What is the remainder when x is divided by 213?
196
Suppose a - 11 - 8 = -2*r, 4*a = 4. What is the remainder when 1646 is divided by r?
8
Let d = -111 + 104. Let m(b) = 3*b**2 + 9*b + 1. What is the remainder when m(d) is divided by 11?
8
Suppose -24 = 23*z - 19*z, -7*g + 628 = -2*z. Calculate the remainder when g is divided by 41.
6
Let u(m) = -3*m + 9. Let c be u(4). Calculate the remainder when 30 - (-8)/(8/c) is divided by 13.
1
Suppose -2*l = 3*o + 3 - 72, 3*o + 9 = 0. What is the remainder when 126 is divided by (-2 - (-28)/4) + l?
38
Let a = -1666 - -1716. Calculate the remainder when 0 + 553 + 1/(-2)*8 is divided by a.
49
Suppose 5*v - 1247 = 4*l, 0 = -3*v - 2*l - 610 + 1367. What is the remainder when v is divided by 15?
11
Let z(f) = 68*f. Suppose -t - 390 = -7*t. Suppose 0 = -2*l - 10, 0 = -g + 2*l - 30 + t. What is the remainder when z(1) is divided by g?
18
Let f = -9 + 28. Suppose -f*n = -22*n + 9. Suppose -3*u + q + 33 = u, n*u - 1 = -4*q. Calculate the remainder when u is divided by 3.
1
Let b(i) = 241*i + 3291. What is the remainder when b(-6) is divided by 14?
11
Let h = -7 - -12. Let m = -12515 + 12518. Calculate the remainder when h is divided by m.
2
Let c(p) = 63 + 3*p + 8*p - 10*p. Calculate the remainder when c(10) is divided by 2 - 6 - (-5 - -9 - 46).
35
Suppose 4 + 3 = m. Suppose -4*n + 2*s + 318 = s, 0 = -3*n - 4*s + 248. What is the remainder when n is divided by m - 0 - (-9 + -11)?
26
Let f(t) = t**3 + 10*t**2 + 6*t - 17. Let z be f(-9). Suppose 0 = -m + 3 + z. Calculate the remainder when 47 is divided by m.
8
Let b = -28 + 72. Suppose 42*c + 4 = b*c. Suppose c*p - t = 24, -p + 4*t + 40 = 3*p. What is the remainder when 109 is divided by p?
11
Let r = -2534 + 3412. What is the remainder when r is divided by 18?
14
Let d = 3475 - 3352. What is the remainder when d is divided by 74?
49
Let a(s) = -s**3 + 11*s**2 - 15*s + 9. Let z be a(7). Let q = -60 + z. Let h = q + -23. Calculate the remainder when 29 is divided by h.
12
Suppose 0 = 16*i - 350 + 14. Let o = -10 + i. What is the remainder when 64 is divided by o?
9
Suppose -3*b + 4*b = j + 29, -4*j - 66 = -2*b. Suppose l - 49 = -5*i, -5*l = 5*i - 10*l - b. What is the remainder when 59 is divided by i?
5
Let c(b) = -b**3 + 8*b**2 + 37*b - 26. Let u be ((-74)/222)/((-2)/66). Calculate the remainder when 121 is divided by c(u).
13
Let q be 11/(-44) - (-497)/4. Let z = -108 + q. Calculate the remainder when 24 is divided by z.
8
Let w = -133 + 19. Let d = w - -147. Calculate the remainder when d is divided by 9.
6
Let n(d) = 2*d**3 - 97*d**2 - 12*d + 518. Calculate the remainder when n(50) is divided by 212.
210
Suppose -4*q - 84 = -4*c, -c + 18 + 15 = -5*q. Let r = -28 + 72. Suppose -6*t + r = -2*t. What is the remainder when c is divided by t?
7
Let n(o) = -o**3 + 6*o**2 + 644*o + 2 + 639*o - 1284*o. Suppose -a = -0*a - 5. Calculate the remainder when 65 is divided by n(a).
21
Let g = -7806 - -8346. What is the remainder when g is divided by 5?
0
Suppose 2*f + 13 - 21 = 0. Suppose f*z = -5*z. Suppose -6*t + 4*t + 286 = z. What is the remainder when t is divided by 29?
27
Let n = -122 - -141. Let l be 3/7 + 1610/(-98). Calculate the remainder when 1162/22 - l/88 is divided by n.
15
Suppose -p = 4*w - 174, -2*p + 282 = 13*w - 16*w. What is the remainder when 252 is divided by p?
102
Suppose 44*q - 4*s - 32 = 42*q, 80 = 4*q - 4*s. What is the remainder when 376 is divided by q?
16
Suppose 0 = -289*v + 250*v + 897. Let s = 56 - 148. What is the remainder when s/(-1 - 0) + -3 is divided by v?
20
Suppose -18*s + 4672 = 55*s. Suppose -4*m + p = -288, p = 5*p - 16. What is the remainder when m is divided by s?
9
Suppose -18*b + 10*b = -48. Suppose -41 - b = -5*g - 2*r, 0 = -g + 5*r + 4. What is the remainder when 188 is divided by g?
8
Let r = 306 - 309. Let a(z) = -7*z - 2. What is the remainder when a(r) is divided by 42/4 + (-1)/2?
9
Let c = 22304 - 20679. What is the remainder when c is divided by 24?
17
Calculate the remainder when 1681 is divided by (-1)/(7/(-848)) - ((-12986)/(-301) - 43).
108
Calculate the remainder when 1922 is divided by 12 - (-3 + -6)*1.
11
Let n = -5812 - -6540. Calculate the remainder when n is divided by 80.
8
Let j(s) = -5*s + 12. Let h be 2 + 0 + 0 - 0. Let y be j(h). Suppose -3*f - 78 = -2*t - y*f, -5*t + 5*f = -200. What is the remainder when t is divided by 10?
8
Suppose 4*w + 56*o - 61*o = 2776, 2*w + 3*o - 1388 = 0. What is the remainder when w is divided by 23?
4
Let r = 11313 - 9231. Calculate the remainder when r is divided by 18.
12
What is the remainder when 2157 is divided by 59 - 58 - ((2 - 75) + 2)?
69
Let q be ((-7)/4)/(-12*3/(-144)). Let p(w) = -48*w - 313. What is the remainder when p(q) is divided by 12?
11
Suppose -6549 = -61*c + 53475. What is the remainder when c is divided by 19?
15
Let u = -11990 + 12096. Calculate the remainder when 435 is divided by u.
11
Suppose -3*q + 5*q + c = 10, -3*q - c + 15 = 0. Suppose -4*u - 5*s = -48, -3*s + q = -4*u + 21. Calculate the remainder when 53 is divided by u.
4
Let c(u) = -u**2 - 8*u + 43. Let j be c(-14). Let p = 13 - j. Let h = 83 + 22. Calculate the remainder when h is divided by p.
51
Suppose 25 - 4 = c. Let s(r) = -48*r**2 + 11*r - 8. Let v be s(4). What is the remainder when (2/3)/((-3668)/v - 5) is divided by c?
19
Let p = -191 + 97. Let c = p - -56. Calculate the remainder when (-4 - 2)*c/4 is divided by 21.
15
Let i = -704 + 154. Let s = -510 - i. What is the remainder when 518 is divided by s?
38
Let v(q) = -12*q - 416. What is the remainder when 5/(60/9)*60 is divided by v(-36)?
13
Suppose 6*c + 1132 - 3004 = 0. Suppose -5*f = -9*f - 4*n + 224, -5*f + c = -3*n. Calculate the remainder when f is divided by 43.
17
Suppose -5*g + 2835 = -20155. Let u(o) = 6*o - 8. Calculate the remainder when u(6) is divided by 2/30*-2 + g/285.
12
Calculate the remainder when 5865 + 5*228/(-95) is divided by 293.
286
Let l(k) = k**3 + 60*k**2 - 635*k + 122. What is the remainder when l(-69) is divided by 6?
2
Let b be (-3234)/(-28)*(7 - 5). Let z = b - 207. What is the remainder when 308 is divided by z?
20
Suppose -2211 = 6*q - 8151. Let n = -222 + 408. Calculate the remainder when n is divided by q/44*12/10.
24
What is the remainder when (-424772)/(-108) + 4/(-162)*3 is divided by 48?
45
Suppose 0 = l + n - 19, 0*n - 19 = -l - 2*n. Suppose 2*f - f + 5*u = l, 4*f - 2*u = 54. Calculate the remainder when 14/(-28) + -3 + (-81)/(-2) is divided by f.
9
Let n = 327 + -322. Suppose 2*c - 97 = 5*r + 73, 425 = n*c + 2*r. What is the remainder when 592 is divided by c?
82
Let m(j) = -2*j**2 + 40*j - 24. Let s be m(